 6 = -0*z. What are the prime factors of 14/1*z/6?
7
Let c(i) = i - 3. Let s be c(-3). Let q be ((-2)/s)/((-2)/(-18)). Suppose q*y + 3*p = 33, -4*p = -y - 3*y + 12. What are the prime factors of y?
7
Let j(c) = 15*c + 1. List the prime factors of j(2).
31
Let t = 9 - 13. Let c(g) = -g**3 - 2*g**2 + 5*g - 2. What are the prime factors of c(t)?
2, 5
Suppose 0 = -0*m + m + 5*c - 32, 3*m + c - 96 = 0. Suppose 2*i - 20 = -4*w, -2*i - 2*i + m = 4*w. What are the prime factors of i?
2, 3
Let t = -4 - -61. What are the prime factors of t?
3, 19
Let c(j) = -7*j**2 - j + 4. Let a be c(3). List the prime factors of a/(-8) - 8/(-32).
2
Let f = -10 + 15. Suppose f*s = s. Suppose 18 = 2*a - s*a. List the prime factors of a.
3
Let x(k) = 7*k - 2. Let r be x(1). Suppose -4*w + 4 + 188 = 0. Suppose -2*j - w = -r*j. List the prime factors of j.
2
Suppose -2*c - 3*a = -0*a + 21, -5*a + 79 = -3*c. Let d be (-6)/4*24/c. Suppose o - 9 - d = 0. List the prime factors of o.
11
Suppose 0*f - 3*w - 138 = 3*f, 3*w + 96 = -2*f. Let s = -22 - f. List the prime factors of s.
2, 5
Let n = -35 - -87. List the prime factors of n.
2, 13
Let w = 402 - 234. List the prime factors of w.
2, 3, 7
Let x(w) = -4*w - 4. List the prime factors of x(-2).
2
Let d be -68 - (-1 + 2)/(-1). Let y = -30 - d. List the prime factors of y.
37
Suppose x + 12 = 3*t - 2, 10 = t - 3*x. Suppose -t*i = -2*i - 6. What are the prime factors of i?
3
Suppose 3*i + 3*l - 75 = 6*l, 0 = 3*i - 2*l - 78. List the prime factors of i.
2, 7
Suppose -5*a + 18 = -2. Let o = a - 1. List the prime factors of o.
3
What are the prime factors of -4 - 1/(3/(-210))?
2, 3, 11
Let d be -1 + (-9)/(-3)*1. Suppose 0 = -3*f - 134 + d. List the prime factors of f/(-12) - (-1)/3.
2
Let f = 25 - 6. Suppose -3*y - 2*y + f = 2*t, 3 = -3*y. List the prime factors of t.
2, 3
Let z = -185 - -259. List the prime factors of z.
2, 37
Let u(r) be the first derivative of -1/2*r**2 + r - 1/3*r**3 + 1 + 1/4*r**4. What are the prime factors of u(2)?
3
Suppose -2*t = -4, -r + 2*r = -2*t + 47. Suppose h - r = -5*u + 2*h, -u = 4*h - 17. Suppose -2*a + u = -5. List the prime factors of a.
7
Let t(p) = -p**3 - 5*p**2 + 7*p + 8. Suppose 24 = -4*k + g, k + 4*g + 6 = 3*g. List the prime factors of t(k).
2
Let x(u) = -2*u**2 - 6*u - 2. Let c be x(-4). Let j = 18 + c. What are the prime factors of j?
2
Suppose -4 = 2*g - 18. Let j(h) = 4*h + 5. List the prime factors of j(g).
3, 11
Suppose 2*x = -h - 3*h, -26 = -3*h + 5*x. Let l(q) = 5*q - 5*q + q**h. What are the prime factors of l(2)?
2
Suppose 0 = -w + 4*i + 45, -i = 2*w - 5*w + 190. Suppose -6*x = -x - w. List the prime factors of x.
13
Let r(c) = -4*c + 9. List the prime factors of r(-6).
3, 11
Suppose -5*p - 172 = -6*p. What are the prime factors of p?
2, 43
Let c(l) be the third derivative of -l**6/60 - l**5/20 - l**4/12 + l**3/6 + 2*l**2. What are the prime factors of c(-2)?
3
Let m(l) = -16*l + 2. Let z be m(4). Let i = z - -95. List the prime factors of i.
3, 11
Let j(z) be the third derivative of z**6/120 - z**5/20 - 7*z**4/24 - z**3/6 - 2*z**2. What are the prime factors of j(5)?
2, 7
Let h = -1 - -9. List the prime factors of h.
2
Let j = 182 - 97. List the prime factors of j.
5, 17
Let o(g) = 2*g**3 + g**2 + g - 1. Let n be o(1). Let w be 51/9 + (-2)/n. Suppose 3*t - 4*u - 48 = -13, -w*u + 35 = 5*t. List the prime factors of t.
3
Suppose -2*l = -3*o + 7*o - 66, -4*o = 3*l - 99. What are the prime factors of l?
3, 11
Suppose 0 = -5*d + 5, 1 = g + d - 0*d. Suppose 2*t - 2 = 0, 0 = -g*r - r + 5*t + 11. What are the prime factors of r?
2
List the prime factors of 15*(0 - -1) - (-1 + -1).
17
Let z = -35 - -58. Let q = 38 - z. What are the prime factors of q?
3, 5
Let i be ((-6)/4)/(6/(-48)). Suppose -2*c - 3*q = -8*q, q - i = -2*c. What are the prime factors of 3 + (c - -2) - -1?
11
What are the prime factors of (5 - 2) + 324 + -4?
17, 19
List the prime factors of 490/28*(0 - -2).
5, 7
Suppose 5*m - 22 = -3*r, -6 = -m - 2*r + r. List the prime factors of 50*(m + (-32)/20).
2, 5
Let m = 2 + -4. What are the prime factors of 1 - 1*m*4?
3
Let g = 28 + -24. What are the prime factors of g?
2
Suppose 0 = 5*c + c - 264. What are the prime factors of c?
2, 11
Let p = 121 - 72. Suppose -9 + p = 5*x. What are the prime factors of x?
2
Suppose -4*f + 5*k - 16 = 0, -2*k - 12 = 3*f - 6*k. Let m = 10 + -4. What are the prime factors of (m + 0)*f/(-8)?
3
Suppose x + 51 = 2*x. List the prime factors of 5*(-2)/(-15)*x.
2, 17
Let i be (4 + -3)/((-2)/(-4)). Suppose 4*l = k - 35, i*k + 4 - 30 = -3*l. What are the prime factors of k?
19
Suppose -1055 = -4*w - a, -3*w + 587 = -2*a - 207. List the prime factors of w.
2, 3, 11
Let n(d) = -d**3 + 7*d**2 - 9*d + 6. Suppose -5*x - 2*y + 50 = 3*y, 4*x - 44 = -5*y. Let v be n(x). What are the prime factors of (-3)/v - (-38)/8?
5
Suppose 9*t - 8*t + 60 = 0. What are the prime factors of 12/t - 162/(-10)?
2
Let i be 2 + 18 + (1 - 1). Suppose i = 4*q - 0. List the prime factors of q.
5
Suppose -6*n - 1 = -127. List the prime factors of n.
3, 7
Let w = 10 + 7. Let p be -4 - (84/20 + (-2)/10). Let l = w + p. What are the prime factors of l?
3
Let f = 14 - 9. Suppose -y + f*y - 52 = 0. List the prime factors of y.
13
Suppose -3*v = -4*p - 136, -v + 3*v - 76 = -p. List the prime factors of v.
2, 5
Suppose -d + 5*f = -19, 0 - 14 = -5*d - 2*f. Suppose -i = 2*n - 43, -d*n + 3*i = i - 90. Suppose -4*q = -n - 6. List the prime factors of q.
7
Let n(g) = -2*g - 5. Let p be n(5). What are the prime factors of (-231)/p - 2/5?
3, 5
Let d = -244 - -477. What are the prime factors of d?
233
Let s(g) be the first derivative of 3*g**3 - g**2 - g - 2. What are the prime factors of s(-1)?
2, 5
Suppose 0*u + g + 14 = 3*u, -5*u + 5*g + 10 = 0. Suppose u*t - 3*t - 14 = -5*d, 3*d = t. Suppose -a + 24 = t*a. List the prime factors of a.
2, 3
Let o = 8 + 8. List the prime factors of (1 - -8)/(6/o).
2, 3
Let a(f) = -f**3 + 9*f**2 + 9*f + 8. What are the prime factors of a(8)?
2, 3
Suppose i - 5*l - 154 = 0, -2*i - 5*l - 556 = -6*i. List the prime factors of i.
2, 67
Let l = 0 + 4. Let f(k) = 2*k + 4. What are the prime factors of f(l)?
2, 3
Let f(y) = 2*y**2 + 3*y - 3. Let u be f(2). Let z = 16 - u. Suppose -z = 5*i - 55. What are the prime factors of i?
2, 5
Suppose -3*v = v + 4, -2*x + 163 = -v. List the prime factors of x.
3
Suppose 0 = 4*q - 82 + 22. Suppose 2*v + 1 = q. Suppose 2*n = n + v. What are the prime factors of n?
7
Let b(m) = -m**2 + 8*m - 3. Suppose 3 = x - 1. Suppose -x*i = -a + 15, 2*a - 3*a = -3*i - 13. List the prime factors of b(a).
2
Suppose 8*v - 1726 + 142 = 0. What are the prime factors of v?
2, 3, 11
Let h(t) = 3 - 5 - 12*t + 2. Let c(q) = q**3 + 8*q**2 - q - 9. Let z be c(-8). What are the prime factors of h(z)?
2, 3
Suppose 8*n = -252 + 1540. What are the prime factors of n?
7, 23
Let z = 639 + -411. What are the prime factors of z?
2, 3, 19
What are the prime factors of -3*(-28 - (3 + -2) - -2)?
3
Suppose 0 = 2*w + 5*z - 67, -3*z + 2 = 11. List the prime factors of w.
41
Let c(k) = k**3 + 5 + 3*k - k - k**2 - 4. List the prime factors of c(2).
3
Suppose 2*m = 3*v - 2, 0*v - 6 = -v - 2*m. What are the prime factors of v?
2
Let p = 3 + 3. Let x(c) = c**2 - 3. List the prime factors of x(p).
3, 11
Suppose -35 = -2*k + 27. Suppose -2*u + u = -k. What are the prime factors of u?
31
Suppose 4*g + 16 + 16 = 0. Suppose 0 = -y + 5*t + 38, -5 = -5*y + 4*t + 101. Let c = g + y. What are the prime factors of c?
2, 5
Let k(u) = u**2 - 7*u + 3. Let j be k(7). Suppose -y + 0*w = -w + j, -5*y - 3 = -w. Let g = 6 - y. What are the prime factors of g?
2, 3
Suppose 3*t - 5 = -4*v, -5*t - v - 2*v + 12 = 0. Suppose 0 = 2*i + 3*w - 30, 4*i - i + 3*w = 45. Suppose t*b = -2*b + i. What are the prime factors of b?
3
Let u(q) = 4*q**2 + 5*q + 3. List the prime factors of u(-4).
47
Suppose -8 = -4*r - 0. What are the prime factors of (3 - r)*44/4?
11
Suppose 2*o - 5*o = -27. Suppose -d = 3*w - 5*d - o, -5*d + 15 = 5*w. Let a(x) = x**2 + 2*x + 1. What are the prime factors of a(w)?
2
What are the prime factors of ((-3438)/(-27))/((-2)/(-3))?
191
Suppose -t = 5*g - 206, -7*t = -5*g - 3*t + 201. List the prime factors of g.
41
Let a = 36 - 28. Let k = -2 - -7. Let l = a - k. List the prime factor